{"id":71,"date":"2024-05-17T15:44:57","date_gmt":"2024-05-17T13:44:57","guid":{"rendered":"https:\/\/mbps.oximae.net\/?post_type=product&#038;p=71"},"modified":"2025-12-09T17:14:13","modified_gmt":"2025-12-09T16:14:13","slug":"questionnaire-test","status":"publish","type":"product","link":"https:\/\/shop.profilsuccess.com\/index.php\/produit\/questionnaire-test\/","title":{"rendered":"PROFIL D\u2019\u00c9QUIPE"},"content":{"rendered":"<div id=\"comp-lf8i52nq\" class=\"Z_l5lU ku3DBC zQ9jDz qvSjx3 Vq6kJx comp-lf8i52nq wixui-rich-text\" data-testid=\"richTextElement\">\n<p data-start=\"219\" data-end=\"260\"><strong data-start=\"224\" data-end=\"260\">Le PROFIL D\u2019\u00c9QUIPE SKILLSMAPPING :<\/strong><\/p>\n<p>Une analyse compl\u00e8te d\u2019une \u00e9quipe dans son <strong data-start=\"305\" data-end=\"328\">contexte de travail<\/strong> et au sein d\u2019un <strong data-start=\"345\" data-end=\"383\">environnement professionnel pr\u00e9cis<\/strong>, afin de mieux comprendre ses dynamiques, ses forces et ses besoins.<\/p>\n<p><strong data-start=\"465\" data-end=\"493\">Un processus en 4 \u00e9tapes :<\/strong><\/p>\n<p><strong data-start=\"499\" data-end=\"545\">1\ufe0f\u20e3 Pr\u00e9sentation de la d\u00e9marche collective :<\/strong><br \/>\n<strong data-start=\"551\" data-end=\"572\">4 h en pr\u00e9sentiel<\/strong><br data-start=\"572\" data-end=\"575\" \/><strong data-start=\"578\" data-end=\"614\">+ 2 h de questionnaires en ligne<\/strong><br data-start=\"614\" data-end=\"617\" \/>\u2192 Mise en route, compr\u00e9hension des objectifs et engagement de l\u2019\u00e9quipe dans la d\u00e9marche.<\/p>\n<p><strong data-start=\"716\" data-end=\"748\">2\ufe0f\u20e3 Intervention \u2013 Formation<\/strong><br \/>\n<strong data-start=\"754\" data-end=\"810\">Pr\u00e9sentation des r\u00e9sultats collectifs et individuels<\/strong><br data-start=\"810\" data-end=\"813\" \/>En pr\u00e9sence de l\u2019\u00e9quipe <strong data-start=\"843\" data-end=\"865\">et du hi\u00e9rarchique<\/strong><br data-start=\"865\" data-end=\"868\" \/>\ud83d\udcc5 <strong data-start=\"871\" data-end=\"900\">2 \u00e0 4 jours en pr\u00e9sentiel<\/strong><br data-start=\"900\" data-end=\"903\" \/>\u2192 D\u00e9cryptage des dynamiques, compr\u00e9hension des profils, ouverture au dialogue.<\/p>\n<p><strong data-start=\"992\" data-end=\"1020\">3\ufe0f\u20e3 Analyse individuelle<\/strong><br \/>\n<strong data-start=\"1041\" data-end=\"1071\">\u00c9changes en RDV individuel<\/strong> (pr\u00e9sentiel ou distanciel)<br data-start=\"1098\" data-end=\"1101\" \/>\ud83d\udd52 <strong data-start=\"1104\" data-end=\"1133\">2 \u00e0 4 heures par personne<\/strong><br data-start=\"1133\" data-end=\"1136\" \/>\u2192 Approfondissement des r\u00e9sultats personnels, clarification des points forts, axes d\u2019am\u00e9lioration et ressources mobilisables.<\/p>\n<p><strong data-start=\"1272\" data-end=\"1314\">4\ufe0f\u20e3 Rapport d\u2019analyse pour le d\u00e9cideur<\/strong><br \/>\nRemise et pr\u00e9sentation d\u2019un <strong data-start=\"1348\" data-end=\"1367\">rapport complet<\/strong> comprenant :<\/p>\n<ul data-start=\"1383\" data-end=\"1561\">\n<li data-start=\"1383\" data-end=\"1410\">\n<p data-start=\"1385\" data-end=\"1410\">\ud83e\udde9 <strong data-start=\"1388\" data-end=\"1408\">Profil collectif<\/strong><\/p>\n<\/li>\n<li data-start=\"1411\" data-end=\"1441\">\n<p data-start=\"1413\" data-end=\"1441\">\ud83d\udc64 <strong data-start=\"1416\" data-end=\"1439\">Profils individuels<\/strong><\/p>\n<\/li>\n<li data-start=\"1442\" data-end=\"1493\">\n<p data-start=\"1444\" data-end=\"1493\">\ud83d\udd17 <strong data-start=\"1447\" data-end=\"1491\">Ad\u00e9quation entre missions et comp\u00e9tences<\/strong><\/p>\n<\/li>\n<li data-start=\"1494\" data-end=\"1524\">\n<p data-start=\"1496\" data-end=\"1524\">\u26a0\ufe0f <strong data-start=\"1499\" data-end=\"1522\">Points de vigilance<\/strong><\/p>\n<\/li>\n<li data-start=\"1525\" data-end=\"1561\">\n<p data-start=\"1527\" data-end=\"1561\">\ud83e\udded <strong data-start=\"1530\" data-end=\"1561\">Pr\u00e9conisations manag\u00e9riales<\/strong><\/p>\n<\/li>\n<\/ul>\n<p data-start=\"1563\" data-end=\"1650\">\u2192 Un document strat\u00e9gique et op\u00e9rationnel pour guider les d\u00e9cisions RH et manag\u00e9riales.<\/p>\n<\/div>\n","protected":false},"excerpt":{"rendered":"<p><strong data-start=\"224\" data-end=\"260\">Le PROFIL D\u2019\u00c9QUIPE SKILLSMAPPING :<\/strong><br \/>\nUne analyse compl\u00e8te d\u2019une \u00e9quipe dans son <strong data-start=\"305\" data-end=\"328\">contexte de travail<\/strong> et au sein d\u2019un <strong data-start=\"345\" data-end=\"383\">environnement professionnel pr\u00e9cis<\/strong>, afin de mieux comprendre ses dynamiques, ses forces et ses besoins.<\/p>\n","protected":false},"featured_media":374,"template":"","meta":[],"product_brand":[],"product_cat":[20],"product_tag":[],"class_list":{"0":"post-71","1":"product","2":"type-product","3":"status-publish","4":"has-post-thumbnail","6":"product_cat-skillsmapping","8":"first","9":"instock","10":"virtual","11":"taxable","12":"purchasable","13":"product-type-simple"},"_links":{"self":[{"href":"https:\/\/shop.profilsuccess.com\/index.php\/wp-json\/wp\/v2\/product\/71","targetHints":{"allow":["GET"]}}],"collection":[{"href":"https:\/\/shop.profilsuccess.com\/index.php\/wp-json\/wp\/v2\/product"}],"about":[{"href":"https:\/\/shop.profilsuccess.com\/index.php\/wp-json\/wp\/v2\/types\/product"}],"wp:featuredmedia":[{"embeddable":true,"href":"https:\/\/shop.profilsuccess.com\/index.php\/wp-json\/wp\/v2\/media\/374"}],"wp:attachment":[{"href":"https:\/\/shop.profilsuccess.com\/index.php\/wp-json\/wp\/v2\/media?parent=71"}],"wp:term":[{"taxonomy":"product_brand","embeddable":true,"href":"https:\/\/shop.profilsuccess.com\/index.php\/wp-json\/wp\/v2\/product_brand?post=71"},{"taxonomy":"product_cat","embeddable":true,"href":"https:\/\/shop.profilsuccess.com\/index.php\/wp-json\/wp\/v2\/product_cat?post=71"},{"taxonomy":"product_tag","embeddable":true,"href":"https:\/\/shop.profilsuccess.com\/index.php\/wp-json\/wp\/v2\/product_tag?post=71"}],"curies":[{"name":"wp","href":"https:\/\/api.w.org\/{rel}","templated":true}]}}