{"id":169,"date":"2024-09-16T10:54:25","date_gmt":"2024-09-16T08:54:25","guid":{"rendered":"https:\/\/shop.profilsuccess.com\/?post_type=product&#038;p=169"},"modified":"2026-02-04T14:37:07","modified_gmt":"2026-02-04T13:37:07","slug":"bilan-orientation","status":"publish","type":"product","link":"https:\/\/shop.profilsuccess.com\/index.php\/produit\/bilan-orientation\/","title":{"rendered":"BILAN D&rsquo;ORIENTATION"},"content":{"rendered":"<h2 data-start=\"714\" data-end=\"747\">Choisissez votre consultant(e)<\/h2>\n<p data-start=\"749\" data-end=\"807\">Lors de votre commande, vous avez plusieurs possibilit\u00e9s :<\/p>\n<h3 data-start=\"809\" data-end=\"855\">\u2714\ufe0f Choisir directement votre consultant(e)<\/h3>\n<p data-start=\"856\" data-end=\"1020\">Vous pouvez s\u00e9lectionner le ou la consultant(e) de votre choix parmi la liste propos\u00e9e.<br data-start=\"943\" data-end=\"946\" \/>\u27a1\ufe0f Le <strong data-start=\"952\" data-end=\"1017\">num\u00e9ro indiqu\u00e9 entre parenth\u00e8ses correspond \u00e0 son d\u00e9partement<\/strong>.<\/p>\n<p data-start=\"1022\" data-end=\"1054\">L\u2019accompagnement peut se faire :<\/p>\n<ul data-start=\"1055\" data-end=\"1138\">\n<li data-start=\"1055\" data-end=\"1071\">\n<p data-start=\"1057\" data-end=\"1071\"><strong data-start=\"1057\" data-end=\"1071\">\u00c0 distance<\/strong><\/p>\n<\/li>\n<li data-start=\"1072\" data-end=\"1138\">\n<p data-start=\"1074\" data-end=\"1138\"><strong data-start=\"1074\" data-end=\"1091\">En pr\u00e9sentiel<\/strong> (selon la localisation du\/de la consultant(e))<\/p>\n<\/li>\n<\/ul>\n<hr data-start=\"1140\" data-end=\"1143\" \/>\n<h3 data-start=\"1145\" data-end=\"1199\">\u2714\ufe0f Vous ne connaissez pas encore les consultants ?<\/h3>\n<p data-start=\"1200\" data-end=\"1234\">S\u00e9lectionnez simplement l\u2019option :<\/p>\n<p data-start=\"1236\" data-end=\"1276\"><strong data-start=\"1236\" data-end=\"1276\">\u00ab Lequel me correspond ? (Conseil) \u00bb<\/strong><\/p>\n<p data-start=\"1278\" data-end=\"1504\">Dans ce cas, <strong data-start=\"1291\" data-end=\"1338\">nous vous contacterons apr\u00e8s votre commande<\/strong> afin d\u2019\u00e9changer avec vous sur vos attentes, vos besoins et vos objectifs, et ainsi <strong data-start=\"1422\" data-end=\"1485\">vous orienter vers le ou la consultant(e) le plus adapt\u00e9(e)<\/strong> \u00e0 votre situation.<\/p>\n<hr data-start=\"1506\" data-end=\"1509\" \/>\n<h2 data-start=\"1511\" data-end=\"1532\">Important \u00e0 savoir<\/h2>\n<ul data-start=\"1534\" data-end=\"1858\">\n<li data-start=\"1534\" data-end=\"1601\">\n<p data-start=\"1536\" data-end=\"1601\">\u2705 <strong data-start=\"1538\" data-end=\"1601\">Cette page correspond \u00e0 la commande de votre test R\u00caV\u2019L TOI + l&rsquo;acc\u00e8s au cours\u00a0<\/strong><\/p>\n<\/li>\n<li data-start=\"1602\" data-end=\"1769\">\n<p data-start=\"1604\" data-end=\"1769\">\u2705 <strong data-start=\"1606\" data-end=\"1685\">L\u2019accompagnement li\u00e9 au test (restitution, suivi, dur\u00e9e de l\u2019accompagnement)<\/strong> sera r\u00e9alis\u00e9 <strong data-start=\"1699\" data-end=\"1767\">directement avec le ou la consultant(e) que vous aurez choisi(e)<\/strong><\/p>\n<\/li>\n<li data-start=\"1770\" data-end=\"1858\">\n<p data-start=\"1772\" data-end=\"1858\">\u23f3 <strong>La dur\u00e9e, les modalit\u00e9s et le tarif de l\u2019accompagnement d\u00e9pendront de la formule que vous choisirez : 4H, 8H, 10H ou 12H.\u00a0<\/strong><\/p>\n<\/li>\n<\/ul>\n<p data-start=\"1860\" data-end=\"2025\">Chaque consultant(e) est form\u00e9(e) \u00e0 l\u2019utilisation du test R\u00caV\u2019L TOI et vous proposera un accompagnement personnalis\u00e9.<\/p>\n<p>Cet outil est utilis\u00e9 uniquement par des professionnels habilit\u00e9s et certifi\u00e9s par le groupe <strong>PROFILSUCCESS<\/strong>.<\/p>\n<p data-start=\"78\" data-end=\"347\">Le <strong data-start=\"81\" data-end=\"114\">bilan d\u2019orientation R\u00caV\u2019L TOI<\/strong> offre un accompagnement complet en prenant pleinement en compte les capacit\u00e9s et comp\u00e9tences inn\u00e9es de chacun, afin que les choix d\u2019orientation soient en coh\u00e9rence avec les talents naturels et le potentiel unique de chaque jeune.<\/p>\n<p data-start=\"349\" data-end=\"548\">Il permet de <strong data-start=\"362\" data-end=\"404\">d\u00e9finir ou de pr\u00e9ciser les aspirations<\/strong>, d\u2019avancer dans ses projets en toute s\u00e9curit\u00e9, et de d\u00e9velopper une <strong data-start=\"473\" data-end=\"501\">confiance en soi durable<\/strong> en accueillant chaque facette de son identit\u00e9.<\/p>\n<p data-start=\"550\" data-end=\"776\">Cet accompagnement aide \u00e0 <strong data-start=\"576\" data-end=\"698\">identifier une voie professionnelle en profonde r\u00e9sonance avec la personnalit\u00e9, les besoins et les ambitions de chacun<\/strong>, afin de favoriser un \u00e9panouissement r\u00e9el et durable dans la vie quotidienne.<\/p>\n","protected":false},"excerpt":{"rendered":"<p data-start=\"321\" data-end=\"540\">Le <strong data-start=\"324\" data-end=\"342\">test R\u00caV\u2019L TOI<\/strong> permet de d\u00e9terminer les <strong>capacit\u00e9s inn\u00e9es<\/strong> d&rsquo;un jeune \u00e0 effectuer <em>diff\u00e9rentes<\/em> <strong>missions<\/strong> dans <em>diff\u00e9rents<\/em> domaines d&rsquo;<strong>activit\u00e9s<\/strong>.<\/p>\n<p data-start=\"213\" data-end=\"339\">Commandez votre <strong data-start=\"229\" data-end=\"247\">test R\u00caV\u2019L TOI<\/strong> et choisissez votre consultant(e) pour un accompagnement <strong data-start=\"305\" data-end=\"336\">\u00e0 distance ou en pr\u00e9sentiel<\/strong>.<\/p>\n<p data-start=\"341\" data-end=\"537\">Vous ne connaissez pas encore nos consultants ? S\u00e9lectionnez <strong data-start=\"402\" data-end=\"442\">\u00ab Lequel me correspond ? (Conseil) \u00bb<\/strong>, et nous vous aiderons \u00e0 trouver le ou la professionnel(le) le plus adapt\u00e9(e) \u00e0 vos besoins.<\/p>\n<p data-start=\"539\" data-end=\"674\">\u27a1\ufe0f <strong data-start=\"542\" data-end=\"607\">Plus d\u2019infos sur l\u2019accompagnement et le choix des consultants<\/strong> dans la section <strong data-start=\"624\" data-end=\"660\">\u00ab Description \u00bb <\/strong>ci-dessous.<\/p>\n<p data-start=\"1860\" data-end=\"2025\">\n","protected":false},"featured_media":375,"template":"","meta":[],"product_brand":[],"product_cat":[26],"product_tag":[],"class_list":{"0":"post-169","1":"product","2":"type-product","3":"status-publish","4":"has-post-thumbnail","6":"product_cat-revltoi","8":"first","9":"instock","10":"taxable","11":"shipping-taxable","12":"purchasable","13":"product-type-variable"},"_links":{"self":[{"href":"https:\/\/shop.profilsuccess.com\/index.php\/wp-json\/wp\/v2\/product\/169","targetHints":{"allow":["GET"]}}],"collection":[{"href":"https:\/\/shop.profilsuccess.com\/index.php\/wp-json\/wp\/v2\/product"}],"about":[{"href":"https:\/\/shop.profilsuccess.com\/index.php\/wp-json\/wp\/v2\/types\/product"}],"wp:featuredmedia":[{"embeddable":true,"href":"https:\/\/shop.profilsuccess.com\/index.php\/wp-json\/wp\/v2\/media\/375"}],"wp:attachment":[{"href":"https:\/\/shop.profilsuccess.com\/index.php\/wp-json\/wp\/v2\/media?parent=169"}],"wp:term":[{"taxonomy":"product_brand","embeddable":true,"href":"https:\/\/shop.profilsuccess.com\/index.php\/wp-json\/wp\/v2\/product_brand?post=169"},{"taxonomy":"product_cat","embeddable":true,"href":"https:\/\/shop.profilsuccess.com\/index.php\/wp-json\/wp\/v2\/product_cat?post=169"},{"taxonomy":"product_tag","embeddable":true,"href":"https:\/\/shop.profilsuccess.com\/index.php\/wp-json\/wp\/v2\/product_tag?post=169"}],"curies":[{"name":"wp","href":"https:\/\/api.w.org\/{rel}","templated":true}]}}